{"id":354,"date":"2019-05-10T13:25:53","date_gmt":"2019-05-10T11:25:53","guid":{"rendered":"http:\/\/muap.sk\/?page_id=354"},"modified":"2023-11-03T10:34:22","modified_gmt":"2023-11-03T09:34:22","slug":"kontakt","status":"publish","type":"page","link":"https:\/\/muap.sk\/index.php\/kontakt\/","title":{"rendered":"Kontakt"},"content":{"rendered":"<h3>MUA Partiz\u00e1nske<\/h3>\n<p>Mestsk\u00e1 Umeleck\u00e1 Agent\u00fara Partiz\u00e1nske<br \/>\nUl. Makarenkova 214 958 01 Partiz\u00e1nske<br \/>\nSlovensk\u00e1 republika I\u010cO: 42 149 835<\/p>\n<p><strong>tel.:<\/strong>\u00a0+421 38 749 3020 \/ +421 38 749 3815<br \/>\n<strong>Rezerv\u00e1cia vstupeniek tel.:<\/strong>\u00a0 +421 38 749 3815<br \/>\n<strong>web:<\/strong> <a href=\"https:\/\/www.muap.sk\">www.muap.sk<\/a><\/p>\n<h3>Riadite\u013eka MUA<\/h3>\n<p>Mgr. Martina BABO\u013dOV\u00c1 \u00a0 +421 38 749 3020 \/ +421 915 912 977 \/ \u00a0 <a href=\"mailto:babolova@muap.sk\">babolova@muap.sk<\/a><\/p>\n<h3>Program \/ Produkcia \/ Propag\u00e1cia<\/h3>\n<p>Jana PAUL\u00cdKOV\u00c1\u00a0\u00a0\u00a0 +421 38 749 3815\u00a0 +421 905 672 699\u00a0\u00a0\u00a0 <a href=\"mailto:paulikova@muap.sk\">paulikova@muap.sk<\/a><br \/>\nMgr. Hana VANKOV\u00c1\u00a0\u00a0\u00a0 +421 38 749 3815\u00a0 <a href=\"mailto:vankova@muap.sk\">vankova@muap.sk<\/a><br \/>\nStanislav BAJER\u00a0\u00a0\u00a0 +421 38 749 3815 \u00a0\u00a0 \u00a0 <a href=\"mailto:grafik.muap@gmail.com\">grafik.muap@gmail.com<\/a><\/p>\n<h3>Kni\u017eni\u010dno &#8211; vzdel\u00e1vacie slu\u017eby<\/h3>\n<p>Mgr. Denisa \u0160KOR\u0147OV\u00c1\u00a0\u00a0\u00a0 +421 38 749 7366 \u00a0 +421 915 912 994\u00a0\u00a0 \u00a0 <a href=\"mailto:skornova@muap.sk\">skornova@muap.sk<\/a><br \/>\nVed\u00faca oddelenia\u00a0\u00a0\u00a0 \u00a0 <a href=\"mailto:kniznica@muap.sk\">kniznica@muap.sk<\/a><br \/>\nMgr. Lenka NOVOTN\u00c1\u00a0\u00a0\u00a0 +421 38 749 7366<br \/>\nBc. Regina GA\u0160PAROVI\u010cOV\u00c1\u00a0\u00a0\u00a0 +421 38 749 7366<br \/>\nEva \u0160KORCOV\u00c1\u00a0\u00a0\u00a0 +421 38 749 7366<\/p>\n<h3>Vodn\u00fd hrad<\/h3>\n<p>+421 908 199 703 \/ \u00a0 <a href=\"mailto:vodnyhrad@muap.sk\">vodnyhrad@muap.sk<\/a><\/p>\n<h3>Prev\u00e1dzkov\u00e9 a servisn\u00e9 slu\u017eby<\/h3>\n<p>J\u00e1n HABALA\u00a0\u00a0\u00a0 +421 915 912 995\u00a0\u00a0 \u00a0 <a href=\"mailto:habala@muap.sk\">habala@muap.sk<\/a><br \/>\nJozef BEL\u00c1K\u00a0\u00a0 \u00fadr\u017eb\u00e1r \u2013 elektrik\u00e1r<br \/>\nJuraj KOTL\u00c1R\u00a0 \u00a0 zvukov\u00fd technik\u00a0 \u00a0 <a href=\"mailto:zvukkotlar@gmail.com\">zvukkotlar@gmail.com<\/a><br \/>\nAlena Debn\u00e1rov\u00e1<br \/>\nDaniela L\u00e9pe\u0161ov\u00e1<\/p>\n<p><strong>FACEBOOK:<\/strong> <a href=\"https:\/\/www.facebook.com\/mestskaumeleckaagentura\/\" target=\"_blank\" rel=\"noopener\">Mestsk\u00e1\u00a0umeleck\u00e1\u00a0agent\u00fara\u00a0Partiz\u00e1nske<\/a><\/p>\n<p>&nbsp;<\/p>\n","protected":false},"excerpt":{"rendered":"<p>MUA Partiz\u00e1nske Mestsk\u00e1 Umeleck\u00e1 Agent\u00fara Partiz\u00e1nske Ul. Makarenkova 214 958 01 Partiz\u00e1nske Slovensk\u00e1 republika I\u010cO: 42 149 835 tel.:\u00a0+421 38 [&hellip;]<\/p>\n","protected":false},"author":1,"featured_media":0,"parent":0,"menu_order":0,"comment_status":"closed","ping_status":"closed","template":"page-templates\/full-width.php","meta":[],"_links":{"self":[{"href":"https:\/\/muap.sk\/index.php\/wp-json\/wp\/v2\/pages\/354"}],"collection":[{"href":"https:\/\/muap.sk\/index.php\/wp-json\/wp\/v2\/pages"}],"about":[{"href":"https:\/\/muap.sk\/index.php\/wp-json\/wp\/v2\/types\/page"}],"author":[{"embeddable":true,"href":"https:\/\/muap.sk\/index.php\/wp-json\/wp\/v2\/users\/1"}],"replies":[{"embeddable":true,"href":"https:\/\/muap.sk\/index.php\/wp-json\/wp\/v2\/comments?post=354"}],"version-history":[{"count":19,"href":"https:\/\/muap.sk\/index.php\/wp-json\/wp\/v2\/pages\/354\/revisions"}],"predecessor-version":[{"id":3487,"href":"https:\/\/muap.sk\/index.php\/wp-json\/wp\/v2\/pages\/354\/revisions\/3487"}],"wp:attachment":[{"href":"https:\/\/muap.sk\/index.php\/wp-json\/wp\/v2\/media?parent=354"}],"curies":[{"name":"wp","href":"https:\/\/api.w.org\/{rel}","templated":true}]}}