{"id":414,"date":"2019-05-11T09:41:34","date_gmt":"2019-05-11T07:41:34","guid":{"rendered":"http:\/\/muap.sk\/?page_id=414"},"modified":"2026-01-26T14:16:13","modified_gmt":"2026-01-26T13:16:13","slug":"dom-kultury","status":"publish","type":"page","link":"https:\/\/muap.sk\/index.php\/dom-kultury\/dom-kultury\/","title":{"rendered":"Dom kult\u00fary"},"content":{"rendered":"<p><img loading=\"lazy\" class=\"alignright wp-image-520 size-large\" src=\"https:\/\/muap.sk\/wp-content\/uploads\/2019\/05\/dom_kultury-1024x768.jpg\" alt=\"\" width=\"400\" height=\"300\" srcset=\"https:\/\/muap.sk\/wp-content\/uploads\/2019\/05\/dom_kultury-1024x768.jpg 1024w, https:\/\/muap.sk\/wp-content\/uploads\/2019\/05\/dom_kultury-300x225.jpg 300w, https:\/\/muap.sk\/wp-content\/uploads\/2019\/05\/dom_kultury-768x576.jpg 768w, https:\/\/muap.sk\/wp-content\/uploads\/2019\/05\/dom_kultury.jpg 2048w\" sizes=\"(max-width: 400px) 100vw, 400px\" \/><br \/>\nvlastn\u00edk: <strong>Mesto Partiz\u00e1nske<\/strong><br \/>\nspr\u00e1vca objektu: <strong>Mestsk\u00e1 Umeleck\u00e1 Agent\u00fara Partiz\u00e1nske<\/strong><br \/>\nadresa: <strong>Ul. Makarenkova 214, 958 01 Partiz\u00e1nske<\/strong><\/p>\n<h3>Otvoren\u00e9 pre verejnos\u0165:<\/h3>\n<p>Dom kult\u00fary Partiz\u00e1nske<br \/>\nPO &#8211; \u0160T | 7.00 h &#8211; 15.00 h<br \/>\nPI | NESTR\u00c1NKOV\u00dd DE\u0147<br \/>\nSO \u2013 NE | Zatvoren\u00e9<\/p>\n<p><!--\nPO - PI | 7.00 h - 15.00 h\nDom kult\u00fary\nPO - PI | 7.00 h - 20.00 h\n\n\n<p style=\"text-align: left;\">pondelok: 07.00 h - 20.00 h\nutorok: 07.00 h - 20.00 h\nstreda: 07.00 h - 20.00 h\n\u0161tvrtok: 07.00 h - 20.00 h\npiatok: 07.00 h - 20.00 h\nsobota: <strong>vyhraden\u00e9 pre kolekt\u00edvy ZU\u010c<\/strong>\nnede\u013ea: <strong>vyhraden\u00e9 pre kolekt\u00edvy ZU\u010c<\/strong>\n\n\n\n<p style=\"text-align: left;\">(v mesiacoch j\u00fal-august: \u00a006.00 h \u2013 18.00 h (mimo soboty a nedele)<\/p>\n\n\n--><br \/>\nObjekt Domu kult\u00fary je s\u00eddlom mestskej pr\u00edspevkovej organiz\u00e1cie: <strong>Mestskej Umeleckej Agent\u00fary Partiz\u00e1nske<\/strong><\/p>\n<h4>N\u00e1cviky s\u00faborov ZU\u010c v Dome kult\u00fary:<\/h4>\n<p>&#8211; Divadeln\u00e9 zdru\u017eenie Partiz\u00e1nske<br \/>\n&#8211; \u0160tudentsk\u00e9 divadlo \u201c\u0160es\u0165 P\u00e9\u201d<br \/>\n&#8211; Detsk\u00fd folkl\u00f3rny s\u00fabor Fialka<br \/>\n&#8211; Folkl\u00f3rny s\u00fabor J\u00e1no\u0161\u00edk<br \/>\n&#8211; Mestsk\u00fd dychov\u00fd orchester<\/p>\n<h4>N\u00e1jomcovia:<\/h4>\n<p>&#8211; MICHAL KOLL\u00c1R M-WATCH SERVICE<br \/>\n&#8211; Kultury coffee<br \/>\n&#8211; Pizzeria KULT Pub<br \/>\n&#8211; BIO Vita zdrav\u00e9 potraviny<\/p>\n<h4>Priestory k jednor\u00e1zov\u00e9mu pren\u00e1jmu:<\/h4>\n<p><strong>spolo\u010densk\u00e1 s\u00e1la<\/strong> &#8211; kapacita: 320 miest &#8211; variabiln\u00e9 rie\u0161enie<br \/>\n<strong>klubov\u0148a \u010d. 42<\/strong>\u00a0 &#8211; kapacita: 40 miest &#8211; variabiln\u00e9 rie\u0161enie<br \/>\n<strong>klubov\u0148a \u010d. 118<\/strong> &#8211; kapacita: 80 miest &#8211; variabiln\u00e9 rie\u0161enie<br \/>\n<strong>klubov\u0148a \u010d. 117<\/strong> &#8211; kapacita: 30 miest &#8211; variabiln\u00e9 rie\u0161enie<br \/>\n<strong>v\u00fdstavn\u00e1 sie\u0148<\/strong> &#8211; kapacita: 60 miest &#8211; variabiln\u00e9 rie\u0161enie<br \/>\n<strong>horn\u00fd vestibul<\/strong> &#8211;\u00a0 variabiln\u00e9 rie\u0161enie<\/p>\n","protected":false},"excerpt":{"rendered":"<p>vlastn\u00edk: Mesto Partiz\u00e1nske spr\u00e1vca objektu: Mestsk\u00e1 Umeleck\u00e1 Agent\u00fara Partiz\u00e1nske adresa: Ul. Makarenkova 214, 958 01 Partiz\u00e1nske Otvoren\u00e9 pre verejnos\u0165: Dom [&hellip;]<\/p>\n","protected":false},"author":1,"featured_media":0,"parent":364,"menu_order":0,"comment_status":"closed","ping_status":"closed","template":"page-templates\/full-width.php","meta":[],"_links":{"self":[{"href":"https:\/\/muap.sk\/index.php\/wp-json\/wp\/v2\/pages\/414"}],"collection":[{"href":"https:\/\/muap.sk\/index.php\/wp-json\/wp\/v2\/pages"}],"about":[{"href":"https:\/\/muap.sk\/index.php\/wp-json\/wp\/v2\/types\/page"}],"author":[{"embeddable":true,"href":"https:\/\/muap.sk\/index.php\/wp-json\/wp\/v2\/users\/1"}],"replies":[{"embeddable":true,"href":"https:\/\/muap.sk\/index.php\/wp-json\/wp\/v2\/comments?post=414"}],"version-history":[{"count":30,"href":"https:\/\/muap.sk\/index.php\/wp-json\/wp\/v2\/pages\/414\/revisions"}],"predecessor-version":[{"id":4548,"href":"https:\/\/muap.sk\/index.php\/wp-json\/wp\/v2\/pages\/414\/revisions\/4548"}],"up":[{"embeddable":true,"href":"https:\/\/muap.sk\/index.php\/wp-json\/wp\/v2\/pages\/364"}],"wp:attachment":[{"href":"https:\/\/muap.sk\/index.php\/wp-json\/wp\/v2\/media?parent=414"}],"curies":[{"name":"wp","href":"https:\/\/api.w.org\/{rel}","templated":true}]}}