{"id":423,"date":"2019-05-11T09:44:33","date_gmt":"2019-05-11T07:44:33","guid":{"rendered":"http:\/\/muap.sk\/?page_id=423"},"modified":"2022-05-19T11:27:12","modified_gmt":"2022-05-19T09:27:12","slug":"kontakt","status":"publish","type":"page","link":"https:\/\/muap.sk\/index.php\/mestska-kniznica\/kontakt\/","title":{"rendered":"Kontakt"},"content":{"rendered":"<p><iframe loading=\"lazy\" style=\"border: 0px currentColor;\" src=\"https:\/\/www.google.com\/maps\/embed?pb=!1m18!1m12!1m3!1d2637.230849284067!2d18.36595311601229!3d48.62456437926533!2m3!1f0!2f0!3f0!3m2!1i1024!2i768!4f13.1!3m3!1m2!1s0x4714cea66ad2387b%3A0x95fb85d931490562!2zTWVzdHNrw6Ega25pxb5uaWNh!5e0!3m2!1ssk!2ssk!4v1558011181314!5m2!1ssk!2ssk\" width=\"1100\" height=\"250\" frameborder=\"0\" allowfullscreen=\"allowfullscreen\"><\/iframe><br \/>\n<strong><br \/>\nMgr. Denisa \u0160KOR\u0147OV\u00c1<\/strong>\u00a0\u00a0\u00a0 +421 38 749 7366 \u00a0 +421 915 912 994\u00a0\u00a0 \u00a0<a href=\"mailto:skornova@muap.sk\"> skornova@muap.sk<\/a><br \/>\nved\u00faca oddelenia\u00a0\u00a0\u00a0 \u00a0 <a href=\"mailto:kniznica@muap.sk\">kniznica@muap.sk<\/a><\/p>\n<p><strong>Mgr. Lenka NOVOTN\u00c1<\/strong>\u00a0\u00a0\u00a0 +421 38 749 7366<br \/>\n<strong>\u00a0<\/strong><br \/>\n<strong>Bc. Regina GA\u0160PAROVI\u010cOV\u00c1<\/strong>\u00a0\u00a0\u00a0 +421 38 749 7366<br \/>\n<strong>\u00a0<\/strong><br \/>\n<strong>Eva \u0160KORCOV\u00c1\u00a0\u00a0<\/strong>\u00a0 +421 38 749 7366<\/p>\n<p><strong>FACEBOOK:<\/strong> <a href=\"https:\/\/www.facebook.com\/mestskakniznicamua\/\" target=\"_blank\" rel=\"noopener\">Mestsk\u00e1 kni\u017enica<\/a><\/p>\n<p>&nbsp;<\/p>\n","protected":false},"excerpt":{"rendered":"<p>Mgr. Denisa \u0160KOR\u0147OV\u00c1\u00a0\u00a0\u00a0 +421 38 749 7366 \u00a0 +421 915 912 994\u00a0\u00a0 \u00a0 skornova@muap.sk ved\u00faca oddelenia\u00a0\u00a0\u00a0 \u00a0 kniznica@muap.sk Mgr. Lenka [&hellip;]<\/p>\n","protected":false},"author":1,"featured_media":0,"parent":362,"menu_order":0,"comment_status":"closed","ping_status":"closed","template":"page-templates\/full-width.php","meta":[],"_links":{"self":[{"href":"https:\/\/muap.sk\/index.php\/wp-json\/wp\/v2\/pages\/423"}],"collection":[{"href":"https:\/\/muap.sk\/index.php\/wp-json\/wp\/v2\/pages"}],"about":[{"href":"https:\/\/muap.sk\/index.php\/wp-json\/wp\/v2\/types\/page"}],"author":[{"embeddable":true,"href":"https:\/\/muap.sk\/index.php\/wp-json\/wp\/v2\/users\/1"}],"replies":[{"embeddable":true,"href":"https:\/\/muap.sk\/index.php\/wp-json\/wp\/v2\/comments?post=423"}],"version-history":[{"count":13,"href":"https:\/\/muap.sk\/index.php\/wp-json\/wp\/v2\/pages\/423\/revisions"}],"predecessor-version":[{"id":2541,"href":"https:\/\/muap.sk\/index.php\/wp-json\/wp\/v2\/pages\/423\/revisions\/2541"}],"up":[{"embeddable":true,"href":"https:\/\/muap.sk\/index.php\/wp-json\/wp\/v2\/pages\/362"}],"wp:attachment":[{"href":"https:\/\/muap.sk\/index.php\/wp-json\/wp\/v2\/media?parent=423"}],"curies":[{"name":"wp","href":"https:\/\/api.w.org\/{rel}","templated":true}]}}