{"id":660,"date":"2019-05-15T18:28:40","date_gmt":"2019-05-15T16:28:40","guid":{"rendered":"https:\/\/muap.sk\/?page_id=660"},"modified":"2019-05-16T14:14:01","modified_gmt":"2019-05-16T12:14:01","slug":"zakazka-2017","status":"publish","type":"page","link":"https:\/\/muap.sk\/index.php\/verejne-informacie\/profil-verejneho-obstaravatela\/zakazka-2017\/","title":{"rendered":"Z\u00e1kazka 2017"},"content":{"rendered":"<h3 style=\"text-align: center;\"><\/h3>\n<h3 style=\"text-align: center;\">Z\u00e1kazky pod\u013ea \u00a7 117<\/h3>\n<p style=\"text-align: center;\"><strong>Rekon\u0161trukcia strechy Mestskej kni\u017enice v Partiz\u00e1nskom<\/strong><br \/>\n<a href=\"https:\/\/muap.sk\/wp-content\/uploads\/2019\/05\/vyhodnotenie01_2017.pdf\" target=\"_blank\" rel=\"noopener\">Prieksum trhu 01\/2017<\/a><\/p>\n<p style=\"text-align: center;\"><strong>Dod\u00e1vka zemn\u00e9ho plynu na obdobie dvoch rokov<\/strong><br \/>\n<a href=\"https:\/\/muap.sk\/wp-content\/uploads\/2019\/05\/02_2017.pdf\" target=\"_blank\" rel=\"noopener\">Pr\u00edkaz riadite\u013ea 02\/2017<\/a><br \/>\n<a href=\"https:\/\/muap.sk\/wp-content\/uploads\/2019\/05\/zapis_z_prieskumu_trhu_plyn.pdf\" target=\"_blank\" rel=\"noopener\">Prieksum trhu 02\/2017<\/a><\/p>\n<p style=\"text-align: center;\">\n<p>&nbsp;<\/p>\n","protected":false},"excerpt":{"rendered":"<p>Z\u00e1kazky pod\u013ea \u00a7 117 Rekon\u0161trukcia strechy Mestskej kni\u017enice v Partiz\u00e1nskom Prieksum trhu 01\/2017 Dod\u00e1vka zemn\u00e9ho plynu na obdobie dvoch rokov [&hellip;]<\/p>\n","protected":false},"author":1,"featured_media":0,"parent":436,"menu_order":0,"comment_status":"closed","ping_status":"closed","template":"page-templates\/full-width.php","meta":[],"_links":{"self":[{"href":"https:\/\/muap.sk\/index.php\/wp-json\/wp\/v2\/pages\/660"}],"collection":[{"href":"https:\/\/muap.sk\/index.php\/wp-json\/wp\/v2\/pages"}],"about":[{"href":"https:\/\/muap.sk\/index.php\/wp-json\/wp\/v2\/types\/page"}],"author":[{"embeddable":true,"href":"https:\/\/muap.sk\/index.php\/wp-json\/wp\/v2\/users\/1"}],"replies":[{"embeddable":true,"href":"https:\/\/muap.sk\/index.php\/wp-json\/wp\/v2\/comments?post=660"}],"version-history":[{"count":2,"href":"https:\/\/muap.sk\/index.php\/wp-json\/wp\/v2\/pages\/660\/revisions"}],"predecessor-version":[{"id":687,"href":"https:\/\/muap.sk\/index.php\/wp-json\/wp\/v2\/pages\/660\/revisions\/687"}],"up":[{"embeddable":true,"href":"https:\/\/muap.sk\/index.php\/wp-json\/wp\/v2\/pages\/436"}],"wp:attachment":[{"href":"https:\/\/muap.sk\/index.php\/wp-json\/wp\/v2\/media?parent=660"}],"curies":[{"name":"wp","href":"https:\/\/api.w.org\/{rel}","templated":true}]}}