{"id":670,"date":"2019-05-15T18:33:45","date_gmt":"2019-05-15T16:33:45","guid":{"rendered":"https:\/\/muap.sk\/?page_id=670"},"modified":"2019-05-16T14:31:29","modified_gmt":"2019-05-16T12:31:29","slug":"zakazka-2015","status":"publish","type":"page","link":"https:\/\/muap.sk\/index.php\/verejne-informacie\/profil-verejneho-obstaravatela\/zakazka-2015\/","title":{"rendered":"Z\u00e1kazka 2015"},"content":{"rendered":"<h3><\/h3>\n<h3 style=\"text-align: center;\">Z\u00e1kazky pod\u013ea \u00a7 9, ods. 9<\/h3>\n<p style=\"text-align: center;\"><a href=\"https:\/\/muap.sk\/wp-content\/uploads\/2019\/05\/03_2015.pdf\" target=\"_blank\" rel=\"noopener\">Dod\u00e1vka zemn\u00e9ho plynu na obdobie dvoch rokov<\/a><\/p>\n<p style=\"text-align: center;\"><a href=\"https:\/\/muap.sk\/wp-content\/uploads\/2019\/05\/vyzva_automobil.pdf\" target=\"_blank\" rel=\"noopener\">N\u00e1kup osobn\u00e9ho automobilu<\/a><\/p>\n<p>&nbsp;<\/p>\n<p>&nbsp;<\/p>\n","protected":false},"excerpt":{"rendered":"<p>Z\u00e1kazky pod\u013ea \u00a7 9, ods. 9 Dod\u00e1vka zemn\u00e9ho plynu na obdobie dvoch rokov N\u00e1kup osobn\u00e9ho automobilu &nbsp; &nbsp;<\/p>\n","protected":false},"author":1,"featured_media":0,"parent":436,"menu_order":0,"comment_status":"closed","ping_status":"closed","template":"page-templates\/full-width.php","meta":[],"_links":{"self":[{"href":"https:\/\/muap.sk\/index.php\/wp-json\/wp\/v2\/pages\/670"}],"collection":[{"href":"https:\/\/muap.sk\/index.php\/wp-json\/wp\/v2\/pages"}],"about":[{"href":"https:\/\/muap.sk\/index.php\/wp-json\/wp\/v2\/types\/page"}],"author":[{"embeddable":true,"href":"https:\/\/muap.sk\/index.php\/wp-json\/wp\/v2\/users\/1"}],"replies":[{"embeddable":true,"href":"https:\/\/muap.sk\/index.php\/wp-json\/wp\/v2\/comments?post=670"}],"version-history":[{"count":2,"href":"https:\/\/muap.sk\/index.php\/wp-json\/wp\/v2\/pages\/670\/revisions"}],"predecessor-version":[{"id":694,"href":"https:\/\/muap.sk\/index.php\/wp-json\/wp\/v2\/pages\/670\/revisions\/694"}],"up":[{"embeddable":true,"href":"https:\/\/muap.sk\/index.php\/wp-json\/wp\/v2\/pages\/436"}],"wp:attachment":[{"href":"https:\/\/muap.sk\/index.php\/wp-json\/wp\/v2\/media?parent=670"}],"curies":[{"name":"wp","href":"https:\/\/api.w.org\/{rel}","templated":true}]}}