{"id":878,"date":"2019-06-06T14:37:04","date_gmt":"2019-06-06T12:37:04","guid":{"rendered":"https:\/\/muap.sk\/?page_id=878"},"modified":"2019-06-06T14:37:04","modified_gmt":"2019-06-06T12:37:04","slug":"historia","status":"publish","type":"page","link":"https:\/\/muap.sk\/index.php\/vodny-hrad\/historia\/","title":{"rendered":"Hist\u00f3ria"},"content":{"rendered":"<h2>Vodn\u00fd hrad \u0160imonovany<\/h2>\n<p>Svojou polohou a\u00a0hist\u00f3riou bolo mesto v\u017edy predur\u010den\u00e9 na to, aby ho \u013eudia vyh\u013ead\u00e1vali aj na relax a\u00a0oddych. \u00dazemie mesta, ktor\u00e9 je lemovan\u00e9 pohoriami Vt\u00e1\u010dnik, Tr\u00edbe\u010d a\u00a0Str\u00e1\u017eovsk\u00fdmi vrchmi je priamo zasaden\u00e9 do kr\u00e1snej scen\u00e9rie t\u00fdchto pohor\u00ed.<\/p>\n<p>Nielen kr\u00e1sna pr\u00edroda a\u00a0jej bohatstvo, ale i\u00a0kult\u00farne pamiatky si zasl\u00fa\u017eia pozornos\u0165 ka\u017ed\u00e9ho vn\u00edmav\u00e9ho n\u00e1v\u0161tevn\u00edka. Hoci m\u00f4\u017ee panova\u0165 domnienka, \u017ee mlad\u00e9 mesto, ak\u00fdm Partiz\u00e1nske je, sa nem\u00e1 \u010d\u00edm p\u00fd\u0161i\u0165, opak je pravdou. Pr\u00e1ve na \u00fazem\u00ed Partiz\u00e1nskeho \u2013 <strong>v\u00a0mestskej \u010dasti \u0160imonovany<\/strong> \u2013 sa nach\u00e1dza sn\u00e1\u010f najv\u00fdraznej\u0161ia pamiatka mesta. Je \u0148ou ka\u0161tie\u013e, ktor\u00fd sa dnes pova\u017euje za najstar\u0161\u00ed doposia\u013e stojaci ka\u0161tie\u013e na Slovensku &#8211; <strong>Vodn\u00fd hrad \u0160imonovany.<\/strong><\/p>\n<p>Vodn\u00fd hrad le\u017e\u00ed mimo hlavn\u00e9ho \u0165ahu v mestskej \u010dasti \u0160imonovany na vo\u013enom priestranstve medzi z\u00e1stavbou rodinn\u00fdch domov. Prv\u00e1 p\u00edsomn\u00e1 zmienka z roku 1260 hovor\u00ed o obci Symoni. Pomenovanie obce s\u00favis\u00ed so \u0161\u013eachtick\u00fdm rodom, ktor\u00e9mu patrila. Rod \u0160imoniovcov vlastnil ka\u0161tie\u013e od jeho po\u010diatku a\u017e do vymretia rodu v 20. storo\u010d\u00ed. Goticko-renesan\u010dn\u00fd ka\u0161tie\u013e nadobudol svoje s\u00fa\u010dasn\u00e9 obrysy v\u00a015. storo\u010d\u00ed, ke\u010f v\u00a0roku 1420 kr\u00e1\u013e \u017digmund povolil miestnym p\u00e1nom zo \u0160imonovian prebudova\u0165 svoju obrann\u00fa pevnos\u0165. U\u017e d\u00e1vno predt\u00fdm v\u0161ak na tomto mieste st\u00e1l neskororom\u00e1nsky hr\u00e1dok pozost\u00e1vaj\u00faci z\u00a0obrannej ve\u017ee, ktor\u00e1 bola d\u00f4myselne situovan\u00e1 v\u00a0meandri rozvetvenej rieky Nitry. Pr\u00e1ve kv\u00f4li t\u00fdmto skuto\u010dnostiam sa objekt naz\u00fdva Vodn\u00fd hrad. Okrem prirodzenej vodnej prek\u00e1\u017eky stavbu chr\u00e1nilo viacero umel\u00fdch valov a\u00a0priekop. Obrann\u00e1 ve\u017ea obdobn\u00e9ho charakteru mala v\u00a0tejto lokalite strategick\u00fd v\u00fdznam. Ponitr\u00edm toti\u017e viedla d\u00f4le\u017eit\u00e1 obchodn\u00e1 cesta.<\/p>\n<p><img loading=\"lazy\" class=\"alignright size-full wp-image-816\" src=\"https:\/\/muap.sk\/wp-content\/uploads\/2019\/06\/5.jpg\" alt=\"\" width=\"800\" height=\"545\" srcset=\"https:\/\/muap.sk\/wp-content\/uploads\/2019\/06\/5.jpg 800w, https:\/\/muap.sk\/wp-content\/uploads\/2019\/06\/5-300x204.jpg 300w, https:\/\/muap.sk\/wp-content\/uploads\/2019\/06\/5-768x523.jpg 768w\" sizes=\"(max-width: 800px) 100vw, 800px\" \/><\/p>\n<p>V\u00a015. storo\u010d\u00ed sa stavba rozr\u00e1stla o\u00a0obytn\u00fd dvojpodla\u017en\u00fd pal\u00e1c a\u00a0mohutn\u00fa vstupn\u00fa ve\u017eu. P\u00f4vodne gotick\u00e1 stavba dostala renesan\u010dn\u00fd r\u00e1z v\u00a0prieb<\/p>\n<p>ehu 16. a\u00a017. storo\u010dia. Koncom storo\u010dia 19. sa uskuto\u010dnila posledn\u00e1 ve\u013ek\u00e1 prestavba ka\u0161tie\u013ea v\u00a0\u0160imonovanoch. Niesla sa v\u00a0duchu historizuj\u00faceho romantizmu a\u00a0sna\u017eila sa pribl\u00ed\u017ei\u0165 podobe ka\u0161tie\u013e z\u00a0\u010dias renesancie.<\/p>\n<p><strong>Vodn\u00fd hrad<\/strong> postupne pre\u010dkal vojny, povodne, po\u017eiare a zachoval sa a\u017e do s\u00fa\u010dasnosti, \u010do nemo\u017eno vravie\u0165 o\u00a0<strong>rode \u0160imoniovcov<\/strong>, ktor\u00fd vymrel po me\u010di i\u00a0po praslici. Posledn\u00ed majitelia, ktor\u00ed vo vodnom hrade aj \u017eili, sk\u00fasili na vlastnej ko\u017ei chudobu a\u00a0biedu, ktor\u00e1 sa v\u00a0ka\u0161tieli zab\u00fdvala po konci druhej svetovej vojny. <strong>Elem\u00edr \u0160imoni<\/strong> (1886 \u2013 1935) \u2013 posledn\u00fd mu\u017esk\u00fd potomok rodu zanechal po svojej smrti v\u00a0ka\u0161tieli u\u017e len svoju matku, man\u017eelku a\u00a0dc\u00e9ru. Najv\u00e4\u010d\u0161ie \u00fatrapy si pre\u017eila elem\u00edrova dc\u00e9ra \u2013 M\u00e1ria Lujza \u0160imoniov\u00e1, ktor\u00e1 ako slobodn\u00e1 a\u00a0bezdetn\u00e1 zomrela v\u00a0roku 1971. Po jej smrti bol u\u017e aj tak ch\u00e1traj\u00faci ka\u0161tie\u013e vyrabovan\u00fd a\u00a0nechan\u00fd napospas osudu.<\/p>\n<p>V\u00a0rokoch 1985 a\u017e 1988 sa v\u00a0priestoroch Vodn\u00e9ho hradu \u0160imonovany uskuto\u010dnil odborn\u00fd archeologick\u00fd v\u00fdskum. Koncom dev\u00e4\u0165desiatych rokov 20. storo\u010dia prebehla prv\u00e1 <strong>v\u00fdznamn\u00e1 rekon\u0161trukcia cel\u00e9ho objektu<\/strong>, na ktorom zanechal svoju stopu ni\u010dite\u013e \u010das. Posledn\u00e1 v\u00fdznamn\u00e1 obnova Vodn\u00e9ho hradu v\u00a0\u0160imonovanoch sa uskuto\u010dnila v\u00a0roku 2015.<\/p>\n<p>&nbsp;<\/p>\n","protected":false},"excerpt":{"rendered":"<p>Vodn\u00fd hrad \u0160imonovany Svojou polohou a\u00a0hist\u00f3riou bolo mesto v\u017edy predur\u010den\u00e9 na to, aby ho \u013eudia vyh\u013ead\u00e1vali aj na relax a\u00a0oddych. [&hellip;]<\/p>\n","protected":false},"author":1,"featured_media":0,"parent":360,"menu_order":0,"comment_status":"closed","ping_status":"closed","template":"page-templates\/full-width.php","meta":[],"_links":{"self":[{"href":"https:\/\/muap.sk\/index.php\/wp-json\/wp\/v2\/pages\/878"}],"collection":[{"href":"https:\/\/muap.sk\/index.php\/wp-json\/wp\/v2\/pages"}],"about":[{"href":"https:\/\/muap.sk\/index.php\/wp-json\/wp\/v2\/types\/page"}],"author":[{"embeddable":true,"href":"https:\/\/muap.sk\/index.php\/wp-json\/wp\/v2\/users\/1"}],"replies":[{"embeddable":true,"href":"https:\/\/muap.sk\/index.php\/wp-json\/wp\/v2\/comments?post=878"}],"version-history":[{"count":1,"href":"https:\/\/muap.sk\/index.php\/wp-json\/wp\/v2\/pages\/878\/revisions"}],"predecessor-version":[{"id":879,"href":"https:\/\/muap.sk\/index.php\/wp-json\/wp\/v2\/pages\/878\/revisions\/879"}],"up":[{"embeddable":true,"href":"https:\/\/muap.sk\/index.php\/wp-json\/wp\/v2\/pages\/360"}],"wp:attachment":[{"href":"https:\/\/muap.sk\/index.php\/wp-json\/wp\/v2\/media?parent=878"}],"curies":[{"name":"wp","href":"https:\/\/api.w.org\/{rel}","templated":true}]}}