{"id":997,"date":"2019-06-19T15:15:14","date_gmt":"2019-06-19T13:15:14","guid":{"rendered":"https:\/\/muap.sk\/?page_id=997"},"modified":"2019-06-19T15:21:07","modified_gmt":"2019-06-19T13:21:07","slug":"online-katalog-kniznice","status":"publish","type":"page","link":"https:\/\/muap.sk\/index.php\/mestska-kniznica\/online-katalog-kniznice\/","title":{"rendered":"Online katal\u00f3g kni\u017enice"},"content":{"rendered":"<p style=\"text-align: center;\">Vysk\u00fa\u0161ajte si n\u00e1\u0161 syst\u00e9m Clavius &#8211; Online katal\u00f3g mestskej kni\u017enice &#8211; u\u017e za p\u00e1r sek\u00fand n\u00e1jdete va\u0161u <a href=\"http:\/\/partizanske.kniznice.net\/katalog\/baze.htm\" target=\"_blank\" rel=\"noopener\">ob\u013e\u00faben\u00fa knihu<\/a>.<\/p>\n<p><a href=\"http:\/\/partizanske.kniznice.net\/katalog\/baze.htm\" target=\"_blank\" rel=\"noopener\"><img loading=\"lazy\" class=\"aligncenter wp-image-487 size-large\" src=\"https:\/\/muap.sk\/wp-content\/uploads\/2019\/05\/clavius-1024x379.jpg\" alt=\"\" width=\"780\" height=\"289\" srcset=\"https:\/\/muap.sk\/wp-content\/uploads\/2019\/05\/clavius-1024x379.jpg 1024w, https:\/\/muap.sk\/wp-content\/uploads\/2019\/05\/clavius-300x111.jpg 300w, https:\/\/muap.sk\/wp-content\/uploads\/2019\/05\/clavius-768x284.jpg 768w, https:\/\/muap.sk\/wp-content\/uploads\/2019\/05\/clavius.jpg 1625w\" sizes=\"(max-width: 780px) 100vw, 780px\" \/><\/a><\/p>\n","protected":false},"excerpt":{"rendered":"<p>Vysk\u00fa\u0161ajte si n\u00e1\u0161 syst\u00e9m Clavius &#8211; Online katal\u00f3g mestskej kni\u017enice &#8211; u\u017e za p\u00e1r sek\u00fand n\u00e1jdete va\u0161u ob\u013e\u00faben\u00fa knihu.<\/p>\n","protected":false},"author":1,"featured_media":0,"parent":362,"menu_order":0,"comment_status":"closed","ping_status":"closed","template":"page-templates\/full-width.php","meta":[],"_links":{"self":[{"href":"https:\/\/muap.sk\/index.php\/wp-json\/wp\/v2\/pages\/997"}],"collection":[{"href":"https:\/\/muap.sk\/index.php\/wp-json\/wp\/v2\/pages"}],"about":[{"href":"https:\/\/muap.sk\/index.php\/wp-json\/wp\/v2\/types\/page"}],"author":[{"embeddable":true,"href":"https:\/\/muap.sk\/index.php\/wp-json\/wp\/v2\/users\/1"}],"replies":[{"embeddable":true,"href":"https:\/\/muap.sk\/index.php\/wp-json\/wp\/v2\/comments?post=997"}],"version-history":[{"count":3,"href":"https:\/\/muap.sk\/index.php\/wp-json\/wp\/v2\/pages\/997\/revisions"}],"predecessor-version":[{"id":1007,"href":"https:\/\/muap.sk\/index.php\/wp-json\/wp\/v2\/pages\/997\/revisions\/1007"}],"up":[{"embeddable":true,"href":"https:\/\/muap.sk\/index.php\/wp-json\/wp\/v2\/pages\/362"}],"wp:attachment":[{"href":"https:\/\/muap.sk\/index.php\/wp-json\/wp\/v2\/media?parent=997"}],"curies":[{"name":"wp","href":"https:\/\/api.w.org\/{rel}","templated":true}]}}